 be g(-14). Suppose 0*p + 2*p - 1170 = -4*u, w*u - p = 1466. Is u prime?
True
Is (4 - 85*-10)/2 composite?
True
Let d be 4 - (-1 + 1 + 0). Suppose -d*o - m - 146 = 0, -4*m - 183 = 5*o - 3*m. Is (2/(-2))/(1/o) a composite number?
False
Suppose 5*b - 2144 = -454. Suppose 0 = -4*v + 42 + b. Is v prime?
False
Suppose 10 = 4*c - 10. Let f(j) = j**3 - 11*j**2 + 5*j + 4. Let l(x) = x**2 - 1. Let p(k) = f(k) + 6*l(k). Is p(c) composite?
False
Suppose -13 - 12 = -5*p. Suppose 0 = 5*y - p*g - 25, -2*g = 3*y - 0*g. Suppose -18 = -y*k + 12. Is k composite?
True
Let t(x) = -308*x - 3. Is t(-2) composite?
False
Suppose -2*n = -1 - 1. Let h = 1 - n. Let x(k) = k**2 - k + 47. Is x(h) composite?
False
Let y(g) = g**2 + 3*g - 7. Suppose 2*a = -20 + 6. Is y(a) a composite number?
True
Let p = 7 - 5. Is (p/(-2))/(4/(-532)) a prime number?
False
Suppose -26 + 1 = 5*y, -2*c + 174 = -4*y. Is c a composite number?
True
Let m(h) = 2*h**3 + 4 - 3*h - 2*h + 3 - 6*h**2. Let a be m(5). Suppose 3*r - 2*r = 5*c + 90, a = r + 3*c. Is r a prime number?
False
Let t be (-2)/4*(-12)/(-3). Let j be 2/(t - 0) - 50. Let k = j - -94. Is k prime?
True
Suppose c = -h - 2, -3*c + 3*h - 2*h = -10. Let a(b) = b + 0*b + 5*b**c + 2 + 0*b**3 - b**3. Is a(3) a prime number?
True
Let v(f) = f - 2. Suppose -2*q + 7 = -3. Let p be v(q). Is 8/12 - (-205)/p composite?
True
Suppose 3*s - 8*s = 15. Let u be -3 - s - (8 - -1). Is -1 + -1 - (u + 0) prime?
True
Suppose 2 = n + 1, 19 = -5*j + 4*n. Let p be (1 - 0) + (-3)/j. Suppose 0*s + 2*k = -p*s + 24, 51 = 4*s + k. Is s prime?
True
Let o = 2 - -3. Suppose 0 = 3*q + o*u - 628, -4*u + 71 = -2*q + 497. Is q a prime number?
True
Let j(l) = -17*l - 2. Let y be j(-4). Let i = 11 - 8. Suppose 5*v + 54 = m, -i*m - v + 164 = y. Is m composite?
True
Let t be (21/(-6))/(1/(-2)). Let q(k) = -k**3 + k**2 + 31. Let r be q(0). Let v = t + r. Is v a prime number?
False
Let c(g) = -g**3 + g + 15. Let i be c(0). Let v = 34 - i. Is v a prime number?
True
Let k(s) = 5*s**2 + s + 4. Let a(r) = -1. Let m(o) = 4*a(o) + k(o). Let n be m(-5). Let y = 207 - n. Is y a composite number?
True
Let k(d) = -d**3 + 6*d**2 + 6*d + 4. Let x(l) = -l**2 - 6*l - 4. Let g be x(-6). Let o be k(g). Suppose -5*v = -o - 125. Is v a prime number?
True
Is (-2682)/(-12) - (-5)/(-10) a prime number?
True
Suppose -6*t - 348 = -2*t. Suppose y - 3 = 0, -y + 65 = -2*x - 2*y. Let q = x - t. Is q a prime number?
True
Suppose 12 = -h - 2*h. Let a(o) = 2*o**2 + 5*o + 1. Is a(h) prime?
True
Suppose -3*m + 77 + 241 = -3*i, 3*m - 2*i - 318 = 0. Is m a composite number?
True
Suppose -4*b + 12487 = 4*j - 941, 0 = -5*b + 4*j + 16803. Is b a composite number?
False
Suppose n + 3*n - 12 = 4*q, -2 = -q. Let r = -2 + n. Suppose 5*f = r*f + 106. Is f prime?
True
Let h(t) be the second derivative of 3*t**3 - 3*t**2/2 + 2*t. Is h(4) a prime number?
False
Suppose -2*y + 32 = -4*p, p = -3*p - 12. Let v(n) = 17*n - 7. Is v(y) a composite number?
False
Let l be (-39)/9 + (-2)/(-6). Suppose 0 = 2*u - 3*u - 4. Is u/(-16) + (-211)/l composite?
False
Let o = -5 - -9. Suppose 4*x = -o*k + 16, 2 = 2*k - 5*x + 8. Suppose -k*q = -25 - 5. Is q a composite number?
True
Let u(p) = 2*p**3 + 3*p**2 - 2*p - 1. Let b be u(2). Suppose q - b - 48 = 3*k, -2*q - 5*k + 175 = 0. Is q + 1*(-1 + 4) prime?
True
Is (-2972)/(-2)*(-25)/(-50) a composite number?
False
Let h(u) = -4*u - 5. Let q be h(5). Let k = q - -44. Is k a prime number?
True
Suppose 11*w - 7*w - 8 = 0. Suppose 5*a + 92 = -0*p + 2*p, 4*p = w*a + 200. Is p prime?
False
Suppose -3*m = 8 + 4. Let g be (-2)/(m/(-1438))*-1. Suppose -3*l - 2*v + 4*v = -429, 5*l - 2*v - g = 0. Is l a composite number?
True
Let t(s) = 3*s**2 - s + 3. Is t(-8) a composite number?
True
Suppose 0*p - 8 = a + 4*p, 13 = -4*a + 3*p. Let f be 46/a*2*11. Let o = f - -408. Is o a composite number?
True
Suppose 9*a = 7*a + 16. Let g(v) = 3*v**2 - 6*v - 11. Is g(a) prime?
False
Let o(u) = 9*u**2 + 4*u - 4. Suppose -2 + 8 = 2*t. Is o(t) prime?
True
Suppose -4*t = -4*v + 2*v + 2126, -4*t - 12 = 0. Is v composite?
True
Suppose -2*j + 6 = -0*x - 4*x, 2*x + 5*j - 3 = 0. Is 0 + 1808/4 + x a prime number?
False
Let x(u) = u**2 + 5*u - 3. Let c be x(-6). Suppose -2*b = -8, s - c*b - 16 - 23 = 0. Is s composite?
True
Is 70/((0 + 8)/4) prime?
False
Suppose -6*p + 2*p - 40 = 0. Let u be (-7356)/p + 4/10. Suppose 3*y = -2*y - 2*z + 927, 4*z + u = 4*y. Is y a prime number?
False
Let p(q) = q + 3*q**2 + 4 - 4. Let i be p(-1). Suppose i*k = 6*k - 308. Is k a prime number?
False
Let u(i) = -138*i + 4. Let r be u(-5). Let y = 426 - r. Is ((-4)/8)/(2/y) prime?
True
Suppose 30 - 465 = u. Let q = -252 - u. Is q composite?
True
Let d = -18 + 18. Suppose 3*m = 2*w - m - 1278, 5*w - 3*m - 3202 = d. Is w a prime number?
True
Let s be 2/((-4)/6)*-1. Let h(w) = w**3 - 2*w**2 - 8*w - 7. Let i(c) = -c**2. Let z(k) = s*i(k) + h(k). Is z(7) a composite number?
True
Let x = -4 + 8. Is -3 - (3 + -499)/x prime?
False
Let h be (2 + -1)*1*267. Suppose -4*q + 241 = -h. Is q a composite number?
False
Suppose -22*l + 2585 = -17*l. Is l a composite number?
True
Let a(v) = -v**3 - 2*v**2 - 4*v - 9. Is a(-5) prime?
False
Suppose -20 = -y - 3*z - 6, 3 = z. Let i(w) = -w**2 - 7 + 3*w**2 + y*w + 0*w. Is i(-6) composite?
True
Is (5 + -4)*1*2*157 a prime number?
False
Suppose 6*h - h - 80 = 0. Suppose h + 0 = 4*m. Suppose 194 = m*t + 2*s - 0*s, 0 = 4*t + 4*s - 192. Is t a prime number?
False
Let s(t) = 2*t**2 + 3*t - 7. Let j(q) = 2*q - 8. Let i be j(6). Let a(c) = c + 1. Let y be a(i). Is s(y) composite?
True
Suppose d - 4*z - 157 = 0, -2*d + 2*z + 306 = -2*z. Is d composite?
False
Suppose 7152 = 2*z - z. Is (5/4)/(12/z) composite?
True
Let r(d) be the third derivative of d**6/120 - d**5/60 + 65*d**3/6 - 2*d**2. Is r(0) a composite number?
True
Suppose -78 = -3*b + 3*v, 3*v + 14 = b - v. Let a = -2 + -5. Let d = b + a. Is d a prime number?
True
Is (-1)/((-3016)/1004 + 3) composite?
False
Let a(y) be the third derivative of y**5/60 + y**4/8 - y**3/6 + 4*y**2. Is a(-4) a prime number?
True
Let n(b) = b**2 - b + 3. Let z be n(-8). Let u = 23 + -67. Let x = z + u. Is x a prime number?
True
Is 1 + -7 - 51139/(-11) prime?
True
Let r(z) = -16*z + 5. Let h be r(-5). Suppose h + 34 = s. Is s a composite number?
True
Let q = -1489 - -672. Let p = -435 - q. Is p prime?
False
Suppose 0 = -5*u - z - z + 27, u = -z + 6. Suppose -t = 4, -d = -6*d - u*t + 615. Is d a composite number?
False
Suppose 5*w - 2*d = -0*d + 6995, -d - 5596 = -4*w. Is w a composite number?
False
Let q(l) be the third derivative of 0*l + 1/6*l**3 - 2*l**2 - 1/120*l**6 + 1/8*l**4 + 0 + 0*l**5. Is q(-3) a composite number?
False
Suppose -24 = 2*k - 782. Is k a prime number?
True
Let y(d) = -13*d - 4. Let m be y(-3). Let x = -20 + m. Is x composite?
True
Suppose 0 = -5*i + 5*o - 5, -4*i + o - 6 = -2. Is 23 + (i - 2) + 3 a composite number?
False
Let y(q) = 87 - q + 4*q - q. Is y(0) a composite number?
True
Let u(w) = -48*w + 5. Is u(-3) prime?
True
Suppose 6*o = 2*o + 112. Let x(i) = -o*i + 5 - 1 - 3. Is x(-2) a composite number?
True
Let b = 0 - 3. Is ((-3)/(-6))/(b/(-510)) composite?
True
Let d = -5247 + 9808. Is d composite?
False
Let r be 109 + 1 + 1*-2. Let v be (r/3)/(1 + 0). Suppose u - 5*u + v = 0. Is u a composite number?
True
Let c(r) = r**2 + 6*r + 5. Suppose 0 = 4*t + 9 + 15. Let j be c(t). Suppose -369 = -j*n - 4*o, 2*n - 5*n = 3*o - 219. Is n prime?
False
Let d be 1/3 - 136/(-6). Suppose -20 = -v + d. Let l = v + -6. Is l a prime number?
True
Let y = -267 - -151. Let c = y + 307. Is c a prime number?
True
Let z(b) = 3*b**3 - 3*b**2 - b + 4. Suppose 0 = -m - 3*m + 12. Is z(m) a prime number?
False
Suppose 0 = -f + 5*d + 391 + 281, -3*d = 4*f - 2711. Is f a composite number?
False
Suppose -4*i + 3*i + 3 = 0. Suppose 66 = i*a - a. Is a a prime number?
False
Let i(d) = -d**3 - 7 + 12 + 8*d**2 + 2*d + 2*d**3. Let o be i(-8). Let w = 3 - o. Is w a composite number?
True
Suppose -6*r - 12 = -30. Suppose -r*q + 5 = -58. Is q composite?
True
Let v be (-159)/(-33) - 6/(-33). Suppose -938 + 248 = v*r. Let t = -71 - r. Is t a composite number?
False
Is -2*(3 + -2)/(2/(-919)) a prime number?
True
Let x be (-284 + 0 + 0)/(-2). Let u = x - 63. Is u composite?
False
Let u = 4 - 4. Let t be 0 - (u -